ate 2 - (-1 - ((6 - 5) + -2)).
2
Calculate 4 + 0 + -1 + -5 + 0.
-2
What is (6 - 9) + -2 + 12?
7
Calculate (106 - 118) + (-1 - -8).
-5
Evaluate (-8 - (6 - 8 - 2)) + 0.
-4
What is (5 - 0 - 2) + -1?
2
What is the value of -2 + (6 - (3 - (-2 - -2)))?
1
-1 + -1 + -36 + 40
2
What is the value of 3 + 1 - (-1 + 1 + 1)?
3
What is the value of -2 - (0 - (-13 + 12))?
-3
What is the value of 12 - 11 - (2 + 0)?
-1
Evaluate -6 + (9 - -4) + -7.
0
4 + (17 - -1 - 13)
9
Calculate 0 - (2 - (2 - 3)).
-3
Calculate -2 - -1 - (-3 + (-1 - -7)).
-4
Calculate 13 - (11 + -6 + 2 - 3).
9
What is 0 + -5 + (1 - -2) - -1?
-1
-3 - (1 - 1) - (-5 - -2)
0
What is the value of (7 - (-5 + 8) - 2) + -3?
-1
Evaluate 3 - (0 + -8 - -8).
3
What is -1 + 0 + -2 + (-11 - -13)?
-1
Calculate -1 - 2 - (5 + 0 + -13).
5
3 - (7 + -5 + -2)
3
What is 0 + -3 - (-1 - -3)?
-5
What is the value of 2 + 1 + -4 + 5?
4
What is the value of -2 + (-3 - -10) - 5?
0
What is 1 - 5 - (0 + 1 + -5)?
0
What is 15 + (12 - 9) + -12?
6
Calculate (-5 - 2) + 0 + 2.
-5
What is (-2 - (-2 - 2)) + -7 + 1?
-4
What is the value of (-3 + 3 + -2 - -3) + 3?
4
1 + 5 - (25 - 23)
4
Evaluate 2 + 2 - (11 + (-7 - 2)).
2
Evaluate -3 - (-5 + (-2 - -5) + -1).
0
Calculate 3 + (-4 - (1 - 3)).
1
Evaluate 0 + -1 - (-51 - -55).
-5
What is the value of -2 + 7 + -6 + 8?
7
Evaluate -66 - -62 - (0 + 1).
-5
Evaluate (4 - 1) + (1 - -1).
5
Calculate (3 - (5 + 2)) + 0.
-4
Calculate 6 + (-8 - (0 - 5 - -9)).
-6
Calculate (-5 - (-4 + (-8 - -6))) + 3.
4
What is (1 - -4) + 5 + -11?
-1
What is the value of -3 - 2 - 1 - -12?
6
3 + -2 - (-5 - -2) - 0
4
Calculate 3 - (-2 + 1 + 0).
4
What is the value of -6 - (-7 + 0 + 5)?
-4
What is 0 + 2 + 3 + -2?
3
-2 + (14 - 10) + 0
2
Evaluate 0 - (2 - 5) - 5.
-2
Evaluate 6 + (-4 - -2 - (9 - 8)).
3
What is the value of 2 + 8 - -3 - 9?
4
(0 - 2 - (-17 + 18)) + 5
2
-5 + 7 - (-3 - -8)
-3
Calculate -3 + -5 + -1 + 4 + 7.
2
What is -4 - -1 - (16 + -21)?
2
Evaluate 3 + (-9 - (-2 + (-3 - -3))).
-4
Evaluate (1 - -2) + 24 + -24.
3
-1 - (-7 + 5 + -2)
3
What is -3 + 2 - 2 - (-19 - -13)?
3
25 + -14 - (26 + -6)
-9
What is the value of 2 + 8 + -12 + 0 + 1?
-1
What is the value of 0 - (-4 - (3 - 2))?
5
Evaluate -4 - (-28 + 38 - (0 + 3)).
-11
What is the value of 7 + -3 + 1 + -6?
-1
What is the value of (4 - (9 - 5)) + -4?
-4
What is the value of 0 - -1 - (-1 + 5) - -4?
1
What is -58 + 52 - (0 + 1)?
-7
Evaluate 1 + 3 + 5 + -14.
-5
Evaluate (1 - 9) + 0 + 9 + -1.
0
Evaluate -2 - (3 + -6 + -2).
3
What is -1 + -7 + 1 + -104 + 109?
-2
Evaluate 0 + -7 + (-7 - -19).
5
What is the value of 3 - 11 - (-6 + 4 + -9)?
3
Evaluate (-2 - (8 + -5) - -11) + -4.
2
-2 - (-3 - ((2 - 12) + 4))
-5
-5 + (8 - 5) + -1
-3
Calculate 2 - ((2 - (2 - -2)) + 6).
-2
What is the value of 4 + (-3 - -1) + -3?
-1
Evaluate 0 - (-6 - -7) - (1 - 1).
-1
What is 8 + (-6 - -1) + 1?
4
What is -4 + 10 - (5 + (2 - 6))?
5
What is the value of 5 + -1 + (-23 - -28)?
9
What is the value of 6 + (-1 + -4 - -3) + -1?
3
9 + (5 - 19) + 7 + -6
-4
-6 + (26 - 7) + -6
7
What is the value of (-3 - (3 - 1)) + 5?
0
Evaluate 4 + (5 - 4) + -13.
-8
What is 3 - 7 - (-2 + -3)?
1
What is the value of -8 - (-4 + -8 + 2 + 4)?
-2
Evaluate -13 - (-29 + (16 - 8)).
8
-5 - (-31 + 14) - (8 + -1)
5
Evaluate -5 + 3 - (-8 - (-8 + 1)).
-1
5 + (3 - (1 + 7))
0
What is -12 - -6 - (5 - 17)?
6
What is the value of (-3 - (0 - 1)) + (-24 - -26)?
0
-5 + (-9 - -7 - -1)
-6
-57 - -56 - (-5 + (1 - 2))
5
-7 - 1 - (-3 + (3 - 4))
-4
Evaluate 1 + (1 - 2) + 2.
2
Evaluate -3 - -1 - (-3 + 0 - -2).
-1
What is the value of -10 + (-2 - -8) - (-9 - 1)?
6
2 + -4 + 3 - -3
4
-4 + 2 + 2 + -1 + -2
-3
What is 1 - (7 + -4 + -2)?
0
What is the value of 0 + -2 + (-2 - -5 - 1)?
0
Evaluate -2 - (5 - -1 - 12).
4
What is the value of 5 - (-7 - (6 - -1 - 15))?
4
Evaluate (-3 - (-7 + 15)) + 7.
-4
Calculate -2 - (-5 - ((-2 - -1) + -3)).
-1
What is 4 - 7 - (-2 + 0 - -3)?
-4
Calculate -2 + -2 + -2 + 2 + 2.
-2
What is the value of 3 + (3 - 5 - -4) + -2?
3
-5 + 3 + 1 + 10
9
(2 + 0 - 1) + -6
-5
What is the value of -3 + 4 + -4 + 3?
0
Calculate -1 + 5 + (-18 - -15) + -1.
0
Evaluate 2 - ((-1 - -6) + -8).
5
What is 2 - (4 - -5) - -10?
3
What is 5 + -1 + -20 + 13 + 5?
2
Calculate 1 + 2 + -4 + 1 + 1.
1
3 - (0 + 7 + -3)
-1
Calculate 12 + -9 + -14 + 11.
0
What is 3 + (-9 + 4 - -1 - -1)?
0
Calculate (4 - (1 + -4)) + -3 + 1.
5
Calculate 8 + 2 - (-17 + 24).
3
What is 1 + -9 + (-5 + 11 - 5)?
-7
Calculate 2 - (1 - -2) - (1 - 0).
-2
-3 + 1 + 5 + (-4 - -3)
2
5 + (-10 - -1) - -6
2
What is 8 + -5 - (-4 - -17)?
-10
What is the value of 4 - (-4 - -6 - 0) - -3?
5
What is 39 - 31 - (-1 - -1)?
8
What is -6 + -1 - -4 - -2?
-1
Evaluate (3 - 4) + 0 + 1.
0
Calculate (5 + -2 - 10) + (-1 - -3).
-5
Calculate -8 - -4 - (-4 - -2).
-2
(-8 - -8) + 11 + -4
7
What is (-13 + 14 - 7) + 5?
-1
(3 - (0 + 1)) + -3
-1
What is -9 + (11 - 4) - -1?
-1
(-1 - 2) + (-6 - (-7 - -3))
-5
-3 + 15 + -17 + 3 + 1
-1
Calculate -5 + 0 + (-7 - -2 - -8).
-2
Evaluate -7 - 0 - (-6 + -7) - 15.
-9
What is the value of 3 - (-1 - (-5 + 5 - 0))?
4
Calculate -9 + 10 - (0 - -1).
0
What is the value of 3 + (-3 - -2 - 2)?
0
0 + -1 - (-9 + -1 + 2)
7
-1 - -8 - (4 - 2)
5
(-3 - 0) + 14 + -9
2
What is 0 + -6 + -5 + 6 + 0?
-5
Evaluate (-10 - -6 - -11) + -4.
3
What is the value of -6 - (-1 + -3 + 3 + -6)?
1
-21 + 20 + (-1 - 3)
-5
What is -9 - 2 - (-20 + 14) - 5?
-10
What is 6 - -4 - (-6 - -10) - 3?
3
Calculate 11 - 7 - (0 + 2).
2
Calculate 3 + -10 + (-2 - (-3 + 0)).
-6
What is -6 - (1 - (16 + -12))?
-3
What is 1 + 1 + 7 + -1?
8
What is the value of 5 + (-5 - -2 - -3 - 6)?
-1
What is the value of (-13 - (3 - 6)) + (51 - 44)?
-3
Calculate -26 - -21 - (0 + (-8 - -1)).
2
What is the value of -1 + -1 + 3 + 2 + 1?
4
Evaluate -14 - (-19 + -7) - (6 + 0).
6
What is -5 + 3 + 4 - (5 - 1)?
-2
7 + -4 + 2 - 10
-5
What is (-8 - -4) + 8 + -2?
2
What is (2 - 4) + 5 - 6?
-3
Calculate (4 - (13 - 0)) + 5.
-4
What is the value of -10 + 9 - (-1 - 2)?
2
Calculate (-5 - 1) + (145 - 137).
2
Evaluate (2 - (-4 - -7 - 1)) + 6.
6
0 - (-12 + 2 + 5 - -7)
-2
What is the value of 3 - (-1 + -2 + 6)?
0
Evaluate -3 - (6 + -11 - (10 + -7)).
5
Evaluate 572 + -576 + (0 - (0 + -13)).
9
Evaluate (-10 + 12 - (-1 - -3)) + -2.
-2
What is the value of 0 + 3 - (7 + -2) - 1?
-3
Calculate 5 + (-8 - (2 + -3)) + -1.
-3
Calculate -3 + (0 + 2 + 2 - 0).
1
(-4 - -4 - 0 - -5) + -8
-3
Evaluate (-15 - (-1 + -7)) + 11.
4
Evaluate 0 + -16 + 6 - -6.
-4
(-4 - -9) + (-1 - (5 + -3))
2
-33 + 36 + 0 + 3
6
Calculate (7 + -10 - -8) + -5 + 0.
0
Calculate (20 - 11) + (1 - 5).
5
What is the value of 0 + (-6 - -2) + 12 - 6?
2
Calculate 7 - ((3 - 1) + 1).
4
What is (-2 - -8) + (6 - 12)?
0
Calculate -12 + (12 - -11 - 5).
6
Evaluate -10 + 5 + 1 + 4 + 7.
7
What is the value of 5 - (5 - 2) - (-5 - -2)?
5
Calculate 4 - (2 + 2) - (-2 - -5).
-3
Evaluate (71 - 76) + 0 + (-2 - 0).
-7
What is the value of (5 - 2) + (6 - 7) - 3?
-1
Calculate (-4 - -4 - 2) + (-4 - -1).
-5
Evaluate -5 + -2 + (-2 - (-11 + -4)).
6
Evaluate -1 - ((8 - 2) + -5).
-2
Calculate (1 - 1) + (2 - (20 - 20)).
2
Calculate (2 + -6 - -2) + 1 + -2.
-3
-4 + (-3 - -5) + 1 + 2
1
What is the value of 0 - (-1 - (0 + -6))?
-5
Evaluate 6 + -9 + 7 + -1.
3
Evaluate -4 - (2 - (3 + -1)) - 1.
-5
What is the value of 1 + -2 + -108 + 108?
-1
Calculate 6 - ((-3 - 2) + 2).
9
4 + 7 + -9 - -2
4
Evaluate 14 + (5 - 7) - 10.
2
What is -6 - (-5 + -1) - 1 - 5?
-6
Evaluate 7 - ((6 - 14 - -6) + 12).
-3
Evaluate 2 + 6 - (-8 - -11).
5
What is (-1 + 2 - 3) + -11 + 14?
1
What is the value of 8 - 2 - (-2 - -3)?
5
What is the value of -1 + -3 - (5 - (-3 + 8))?
-4
What is the value of 2 + -1 - (-7 + (1 - -4))?
3
Calculate -2 + (-8 - -16 - 2).
4
What is the value of -6 + (6 - -1) + 32 + -26?
7
What is the value of -29 + 28 - (3 - (2 + -3))?
-5
What is the value of 7 + (-4 - 5 - 4)?
-6
Calculate 0 + 0 + 2 + (-3 - -1).
0
Calculate -8 - (0 + -10 + 6 - 0).
-4
0 + (16 - 4 - 5) + -2
5
Evaluate -12 + (3 - -25) + -13.
3
-8 - (-7 - -2) - (2 - 4)
-1
Evaluate -6 - (-4 + 4 + 0 - 3).
-3
What is the value of 11 + -1 + (16 + 4 - 23)?
7
What is 6 + -6 + (-1 - 2) - -1?
-2
Evaluate 4 + (3 - (-2 + 15) - -5).
-1
(3 - -1 - 2) + 2
4
What is 0 + (-3 - -6 - 6)?
-3
What is the value of (-4 - -8) + 8 + -8?
4
(2 - (5 - 10)) + 1 + -5
3
75 + -74 + 0 + -3 + 1
-1
(2 - 0) + -6 + 2
-2
Evaluate -8 + (6 - 6) - 